[INFO] cloning repository https://github.com/zegl/kram-rust
[INFO] running `Command { std: "git" "-c" "credential.helper=" "-c" "credential.helper=/workspace/cargo-home/bin/git-credential-null" "clone" "--bare" "https://github.com/zegl/kram-rust" "/workspace/cache/git-repos/https%3A%2F%2Fgithub.com%2Fzegl%2Fkram-rust", kill_on_drop: false }`
[INFO] [stderr] Cloning into bare repository '/workspace/cache/git-repos/https%3A%2F%2Fgithub.com%2Fzegl%2Fkram-rust'...
[INFO] running `Command { std: "git" "rev-parse" "HEAD", kill_on_drop: false }`
[INFO] [stdout] cff99c048aa188d71d57a3fa7a8bade0556178de
[INFO] checking zegl/kram-rust against try#72f88fc4e9458f89516a0b8b0868f3718aec5b47 for pr-74989
[INFO] running `Command { std: "git" "clone" "/workspace/cache/git-repos/https%3A%2F%2Fgithub.com%2Fzegl%2Fkram-rust" "/workspace/builds/worker-3/source", kill_on_drop: false }`
[INFO] [stderr] Cloning into '/workspace/builds/worker-3/source'...
[INFO] [stderr] done.
[INFO] validating manifest of git repo https://github.com/zegl/kram-rust on toolchain 72f88fc4e9458f89516a0b8b0868f3718aec5b47
[INFO] running `Command { std: "/workspace/cargo-home/bin/cargo" "+72f88fc4e9458f89516a0b8b0868f3718aec5b47" "read-manifest" "--manifest-path" "Cargo.toml", kill_on_drop: false }`
[INFO] started tweaking git repo https://github.com/zegl/kram-rust
[INFO] finished tweaking git repo https://github.com/zegl/kram-rust
[INFO] tweaked toml for git repo https://github.com/zegl/kram-rust written to /workspace/builds/worker-3/source/Cargo.toml
[INFO] crate git repo https://github.com/zegl/kram-rust already has a lockfile, it will not be regenerated
[INFO] running `Command { std: "/workspace/cargo-home/bin/cargo" "+72f88fc4e9458f89516a0b8b0868f3718aec5b47" "fetch" "--locked" "--manifest-path" "Cargo.toml", kill_on_drop: false }`
[INFO] running `Command { std: "docker" "create" "-v" "/var/lib/crater-agent-workspace/builds/worker-3/target:/opt/rustwide/target:rw,Z" "-v" "/var/lib/crater-agent-workspace/builds/worker-3/source:/opt/rustwide/workdir:ro,Z" "-v" "/var/lib/crater-agent-workspace/cargo-home:/opt/rustwide/cargo-home:ro,Z" "-v" "/var/lib/crater-agent-workspace/rustup-home:/opt/rustwide/rustup-home:ro,Z" "-e" "SOURCE_DIR=/opt/rustwide/workdir" "-e" "CARGO_TARGET_DIR=/opt/rustwide/target" "-e" "CARGO_HOME=/opt/rustwide/cargo-home" "-e" "RUSTUP_HOME=/opt/rustwide/rustup-home" "-w" "/opt/rustwide/workdir" "-m" "1610612736" "--user" "0:0" "--network" "none" "rustops/crates-build-env@sha256:d92eaeed33fa75130ca1ee6c8a01d1ffb62bac859dfdfb3450e3e5d1c0146529" "/opt/rustwide/cargo-home/bin/cargo" "+72f88fc4e9458f89516a0b8b0868f3718aec5b47" "metadata" "--no-deps" "--format-version=1", kill_on_drop: false }`
[INFO] [stdout] 902d0c257418b8f05fde3c9aa674ad2f638b29b2b078c789278149eb503355ad
[INFO] [stderr] WARNING: Your kernel does not support swap limit capabilities or the cgroup is not mounted. Memory limited without swap.
[INFO] running `Command { std: "docker" "start" "-a" "902d0c257418b8f05fde3c9aa674ad2f638b29b2b078c789278149eb503355ad", kill_on_drop: false }`
[INFO] running `Command { std: "docker" "inspect" "902d0c257418b8f05fde3c9aa674ad2f638b29b2b078c789278149eb503355ad", kill_on_drop: false }`
[INFO] running `Command { std: "docker" "rm" "-f" "902d0c257418b8f05fde3c9aa674ad2f638b29b2b078c789278149eb503355ad", kill_on_drop: false }`
[INFO] [stdout] 902d0c257418b8f05fde3c9aa674ad2f638b29b2b078c789278149eb503355ad
[INFO] running `Command { std: "docker" "create" "-v" "/var/lib/crater-agent-workspace/builds/worker-3/target:/opt/rustwide/target:rw,Z" "-v" "/var/lib/crater-agent-workspace/builds/worker-3/source:/opt/rustwide/workdir:ro,Z" "-v" "/var/lib/crater-agent-workspace/cargo-home:/opt/rustwide/cargo-home:ro,Z" "-v" "/var/lib/crater-agent-workspace/rustup-home:/opt/rustwide/rustup-home:ro,Z" "-e" "SOURCE_DIR=/opt/rustwide/workdir" "-e" "CARGO_TARGET_DIR=/opt/rustwide/target" "-e" "CARGO_INCREMENTAL=0" "-e" "RUST_BACKTRACE=full" "-e" "RUSTFLAGS=--cap-lints=forbid" "-e" "CARGO_HOME=/opt/rustwide/cargo-home" "-e" "RUSTUP_HOME=/opt/rustwide/rustup-home" "-w" "/opt/rustwide/workdir" "-m" "1610612736" "--user" "0:0" "--network" "none" "rustops/crates-build-env@sha256:d92eaeed33fa75130ca1ee6c8a01d1ffb62bac859dfdfb3450e3e5d1c0146529" "/opt/rustwide/cargo-home/bin/cargo" "+72f88fc4e9458f89516a0b8b0868f3718aec5b47" "check" "--frozen" "--all" "--all-targets" "--message-format=json", kill_on_drop: false }`
[INFO] [stdout] 232e25f79c54868f3d9063eccff3116abc21d8777b29088c1bb2a94c3dc6bef1
[INFO] [stderr] WARNING: Your kernel does not support swap limit capabilities or the cgroup is not mounted. Memory limited without swap.
[INFO] running `Command { std: "docker" "start" "-a" "232e25f79c54868f3d9063eccff3116abc21d8777b29088c1bb2a94c3dc6bef1", kill_on_drop: false }`
[INFO] [stderr]     Checking kram-rust v0.0.1 (/opt/rustwide/workdir)
[INFO] [stdout] warning: trait objects without an explicit `dyn` are deprecated
[INFO] [stdout]   --> src/vm/mod.rs:11:19
[INFO] [stdout]    |
[INFO] [stdout] 11 |     classes: Vec<Box<Library>>,
[INFO] [stdout]    |                      ^^^^^^^ help: use `dyn`: `dyn Library`
[INFO] [stdout]    |
[INFO] [stdout]    = note: `#[warn(bare_trait_objects)]` on by default
[INFO] [stdout] 
[INFO] [stdout] 
[INFO] [stdout] warning: variant `PUSH_CLASS` should have an upper camel case name
[INFO] [stdout]    --> src/vm/mod.rs:129:2
[INFO] [stdout]     |
[INFO] [stdout] 129 |     PUSH_CLASS,
[INFO] [stdout]     |     ^^^^^^^^^^ help: convert the identifier to upper camel case: `PushClass`
[INFO] [stdout]     |
[INFO] [stdout]     = note: `#[warn(non_camel_case_types)]` on by default
[INFO] [stdout] 
[INFO] [stdout] 
[INFO] [stdout] warning: trait objects without an explicit `dyn` are deprecated
[INFO] [stdout]    --> src/vm/mod.rs:230:17
[INFO] [stdout]     |
[INFO] [stdout] 230 |     Reference: Box<Library>,
[INFO] [stdout]     |                    ^^^^^^^ help: use `dyn`: `dyn Library`
[INFO] [stdout] 
[INFO] [stdout] 
[INFO] [stdout] warning: trait objects without an explicit `dyn` are deprecated
[INFO] [stdout]    --> src/vm/mod.rs:260:34
[INFO] [stdout]     |
[INFO] [stdout] 260 |     pub fn reference(reference: Box<Library>) -> Value {
[INFO] [stdout]     |                                     ^^^^^^^ help: use `dyn`: `dyn Library`
[INFO] [stdout] 
[INFO] [stdout] 
[INFO] [stdout] warning: unused import: `lexer::Lexer`
[INFO] [stdout]  --> src/parser/mod.rs:1:5
[INFO] [stdout]   |
[INFO] [stdout] 1 | use lexer::Lexer;
[INFO] [stdout]   |     ^^^^^^^^^^^^
[INFO] [stdout]   |
[INFO] [stdout]   = note: `#[warn(unused_imports)]` on by default
[INFO] [stdout] 
[INFO] [stdout] 
[INFO] [stdout] warning: variant `CLASS_BODY` should have an upper camel case name
[INFO] [stdout]    --> src/parser/mod.rs:527:2
[INFO] [stdout]     |
[INFO] [stdout] 527 |     CLASS_BODY,
[INFO] [stdout]     |     ^^^^^^^^^^ help: convert the identifier to upper camel case: `ClassBody`
[INFO] [stdout] 
[INFO] [stdout] 
[INFO] [stdout] warning: variant `PUSH_CLASS` should have an upper camel case name
[INFO] [stdout]    --> src/parser/mod.rs:528:2
[INFO] [stdout]     |
[INFO] [stdout] 528 |     PUSH_CLASS,
[INFO] [stdout]     |     ^^^^^^^^^^ help: convert the identifier to upper camel case: `PushClass`
[INFO] [stdout] 
[INFO] [stdout] 
[INFO] [stdout] warning: variant `METHOD_PARAMETERS` should have an upper camel case name
[INFO] [stdout]    --> src/parser/mod.rs:529:2
[INFO] [stdout]     |
[INFO] [stdout] 529 |     METHOD_PARAMETERS,
[INFO] [stdout]     |     ^^^^^^^^^^^^^^^^^ help: convert the identifier to upper camel case: `MethodParameters`
[INFO] [stdout] 
[INFO] [stdout] 
[INFO] [stdout] warning: trait objects without an explicit `dyn` are deprecated
[INFO] [stdout]  --> src/libraries/mod.rs:9:26
[INFO] [stdout]   |
[INFO] [stdout] 9 | impl std::fmt::Debug for Library {
[INFO] [stdout]   |                          ^^^^^^^ help: use `dyn`: `dyn Library`
[INFO] [stdout] 
[INFO] [stdout] 
[INFO] [stdout] warning: trait objects without an explicit `dyn` are deprecated
[INFO] [stdout]   --> src/vm/mod.rs:11:19
[INFO] [stdout]    |
[INFO] [stdout] 11 |     classes: Vec<Box<Library>>,
[INFO] [stdout]    |                      ^^^^^^^ help: use `dyn`: `dyn Library`
[INFO] [stdout]    |
[INFO] [stdout]    = note: `#[warn(bare_trait_objects)]` on by default
[INFO] [stdout] 
[INFO] [stdout] 
[INFO] [stdout] warning: variant `PUSH_CLASS` should have an upper camel case name
[INFO] [stdout]    --> src/vm/mod.rs:129:2
[INFO] [stdout]     |
[INFO] [stdout] 129 |     PUSH_CLASS,
[INFO] [stdout]     |     ^^^^^^^^^^ help: convert the identifier to upper camel case: `PushClass`
[INFO] [stdout]     |
[INFO] [stdout]     = note: `#[warn(non_camel_case_types)]` on by default
[INFO] [stdout] 
[INFO] [stdout] 
[INFO] [stdout] warning: trait objects without an explicit `dyn` are deprecated
[INFO] [stdout]    --> src/vm/mod.rs:230:17
[INFO] [stdout]     |
[INFO] [stdout] 230 |     Reference: Box<Library>,
[INFO] [stdout]     |                    ^^^^^^^ help: use `dyn`: `dyn Library`
[INFO] [stdout] 
[INFO] [stdout] 
[INFO] [stdout] warning: trait objects without an explicit `dyn` are deprecated
[INFO] [stdout]    --> src/vm/mod.rs:260:34
[INFO] [stdout]     |
[INFO] [stdout] 260 |     pub fn reference(reference: Box<Library>) -> Value {
[INFO] [stdout]     |                                     ^^^^^^^ help: use `dyn`: `dyn Library`
[INFO] [stdout] 
[INFO] [stdout] 
[INFO] [stdout] warning: unused import: `lexer::Lexer`
[INFO] [stdout]  --> src/parser/mod.rs:1:5
[INFO] [stdout]   |
[INFO] [stdout] 1 | use lexer::Lexer;
[INFO] [stdout]   |     ^^^^^^^^^^^^
[INFO] [stdout]   |
[INFO] [stdout]   = note: `#[warn(unused_imports)]` on by default
[INFO] [stdout] 
[INFO] [stdout] 
[INFO] [stdout] warning: variant `CLASS_BODY` should have an upper camel case name
[INFO] [stdout]    --> src/parser/mod.rs:527:2
[INFO] [stdout]     |
[INFO] [stdout] 527 |     CLASS_BODY,
[INFO] [stdout]     |     ^^^^^^^^^^ help: convert the identifier to upper camel case: `ClassBody`
[INFO] [stdout] 
[INFO] [stdout] 
[INFO] [stdout] warning: variant `PUSH_CLASS` should have an upper camel case name
[INFO] [stdout]    --> src/parser/mod.rs:528:2
[INFO] [stdout]     |
[INFO] [stdout] 528 |     PUSH_CLASS,
[INFO] [stdout]     |     ^^^^^^^^^^ help: convert the identifier to upper camel case: `PushClass`
[INFO] [stdout] 
[INFO] [stdout] 
[INFO] [stdout] warning: variant `METHOD_PARAMETERS` should have an upper camel case name
[INFO] [stdout]    --> src/parser/mod.rs:529:2
[INFO] [stdout]     |
[INFO] [stdout] 529 |     METHOD_PARAMETERS,
[INFO] [stdout]     |     ^^^^^^^^^^^^^^^^^ help: convert the identifier to upper camel case: `MethodParameters`
[INFO] [stdout] 
[INFO] [stdout] 
[INFO] [stdout] warning: trait objects without an explicit `dyn` are deprecated
[INFO] [stdout]  --> src/libraries/mod.rs:9:26
[INFO] [stdout]   |
[INFO] [stdout] 9 | impl std::fmt::Debug for Library {
[INFO] [stdout]   |                          ^^^^^^^ help: use `dyn`: `dyn Library`
[INFO] [stdout] 
[INFO] [stdout] 
[INFO] [stdout] error[E0277]: the trait bound `dyn Library: Clone` is not satisfied
[INFO] [stdout]    --> src/vm/mod.rs:230:2
[INFO] [stdout]     |
[INFO] [stdout] 230 |     Reference: Box<Library>,
[INFO] [stdout]     |     ^^^^^^^^^^^^^^^^^^^^^^^ the trait `Clone` is not implemented for `dyn Library`
[INFO] [stdout]     |
[INFO] [stdout]     = note: required because of the requirements on the impl of `Clone` for `Box<dyn Library>`
[INFO] [stdout]     = note: required by `clone`
[INFO] [stdout]     = note: this error originates in a derive macro (in Nightly builds, run with -Z macro-backtrace for more info)
[INFO] [stdout] 
[INFO] [stdout] 
[INFO] [stdout] error[E0063]: missing field `Reference` in initializer of `Value`
[INFO] [stdout]    --> src/vm/mod.rs:241:3
[INFO] [stdout]     |
[INFO] [stdout] 241 |         Value {
[INFO] [stdout]     |         ^^^^^ missing `Reference`
[INFO] [stdout] 
[INFO] [stdout] 
[INFO] [stdout] error[E0277]: the trait bound `dyn Library: Clone` is not satisfied
[INFO] [stdout]    --> src/vm/mod.rs:230:2
[INFO] [stdout]     |
[INFO] [stdout] 230 |     Reference: Box<Library>,
[INFO] [stdout]     |     ^^^^^^^^^^^^^^^^^^^^^^^ the trait `Clone` is not implemented for `dyn Library`
[INFO] [stdout]     |
[INFO] [stdout]     = note: required because of the requirements on the impl of `Clone` for `Box<dyn Library>`
[INFO] [stdout]     = note: required by `clone`
[INFO] [stdout]     = note: this error originates in a derive macro (in Nightly builds, run with -Z macro-backtrace for more info)
[INFO] [stdout] 
[INFO] [stdout] 
[INFO] [stdout] error[E0063]: missing field `Reference` in initializer of `Value`
[INFO] [stdout]    --> src/vm/mod.rs:241:3
[INFO] [stdout]     |
[INFO] [stdout] 241 |         Value {
[INFO] [stdout]     |         ^^^^^ missing `Reference`
[INFO] [stdout] 
[INFO] [stdout] 
[INFO] [stdout] error[E0308]: mismatched types
[INFO] [stdout]   --> src/libraries/mod.rs:10:51
[INFO] [stdout]    |
[INFO] [stdout] 10 |     fn fmt(&self, f: &mut std::fmt::Formatter) -> std::fmt::Result {
[INFO] [stdout]    |        ---                                        ^^^^^^^^^^^^^^^^ expected enum `std::result::Result`, found `()`
[INFO] [stdout]    |        |
[INFO] [stdout]    |        implicitly returns `()` as its body has no tail or `return` expression
[INFO] [stdout]    |
[INFO] [stdout]    = note:   expected enum `std::result::Result<(), std::fmt::Error>`
[INFO] [stdout]            found unit type `()`
[INFO] [stdout] 
[INFO] [stdout] 
[INFO] [stdout] error: aborting due to 3 previous errors; 9 warnings emitted
[INFO] [stdout] 
[INFO] [stdout] 
[INFO] [stdout] Some errors have detailed explanations: E0063, E0277, E0308.
[INFO] [stdout] 
[INFO] [stdout] For more information about an error, try `rustc --explain E0063`.
[INFO] [stdout] 
[INFO] [stdout] error[E0308]: mismatched types
[INFO] [stdout]   --> src/libraries/mod.rs:10:51
[INFO] [stdout]    |
[INFO] [stdout] 10 |     fn fmt(&self, f: &mut std::fmt::Formatter) -> std::fmt::Result {
[INFO] [stdout]    |        ---                                        ^^^^^^^^^^^^^^^^ expected enum `std::result::Result`, found `()`
[INFO] [stdout]    |        |
[INFO] [stdout]    |        implicitly returns `()` as its body has no tail or `return` expression
[INFO] [stdout]    |
[INFO] [stdout]    = note:   expected enum `std::result::Result<(), std::fmt::Error>`
[INFO] [stdout]            found unit type `()`
[INFO] [stdout] 
[INFO] [stdout] 
[INFO] [stderr] error: could not compile `kram-rust`.
[INFO] [stderr] 
[INFO] [stderr] To learn more, run the command again with --verbose.
[INFO] [stderr] warning: build failed, waiting for other jobs to finish...
[INFO] [stdout] error: aborting due to 3 previous errors; 9 warnings emitted
[INFO] [stdout] 
[INFO] [stdout] 
[INFO] [stdout] Some errors have detailed explanations: E0063, E0277, E0308.
[INFO] [stdout] 
[INFO] [stdout] For more information about an error, try `rustc --explain E0063`.
[INFO] [stdout] 
[INFO] [stderr] error: build failed
[INFO] running `Command { std: "docker" "inspect" "232e25f79c54868f3d9063eccff3116abc21d8777b29088c1bb2a94c3dc6bef1", kill_on_drop: false }`
[INFO] running `Command { std: "docker" "rm" "-f" "232e25f79c54868f3d9063eccff3116abc21d8777b29088c1bb2a94c3dc6bef1", kill_on_drop: false }`
[INFO] [stdout] 232e25f79c54868f3d9063eccff3116abc21d8777b29088c1bb2a94c3dc6bef1
